{"id":3852,"date":"2018-07-20T13:50:06","date_gmt":"2018-07-20T16:50:06","guid":{"rendered":"http:\/\/www.mochileiroshostel.com.br\/eng\/?page_id=3852"},"modified":"2021-06-29T10:03:27","modified_gmt":"2021-06-29T13:03:27","slug":"itineraries-and-tours","status":"publish","type":"page","link":"http:\/\/www.mochileiroshostel.com.br\/eng\/itineraries-and-tours\/","title":{"rendered":"Itineraries and Tours"},"content":{"rendered":"<div class=\"wpb-content-wrapper\"><p>[vc_row full_width=&#8221;stretch_row_content_no_spaces&#8221; el_class=&#8221;no-fill-sm category-group&#8221;][vc_column width=&#8221;1\/3&#8243;][vc_hoverbox image=&#8221;4488&#8243; primary_title=&#8221;Birdwatching &#8211; Peru\u00edbe &#8211; Guara\u00fa&#8221; primary_title_font_container=&#8221;font_size:30px|color:%23ffffff&#8221; primary_title_use_theme_fonts=&#8221;yes&#8221; hover_title=&#8221;Observa\u00e7\u00e3o de Aves &#8211; Peru\u00edbe &#8211; Guara\u00fa&#8221; hover_title_font_container=&#8221;font_size:26|color:%23ffffff&#8221; hover_title_use_theme_fonts=&#8221;yes&#8221; shape=&#8221;square&#8221; hover_background_color=&#8221;custom&#8221; use_custom_fonts_primary_title=&#8221;true&#8221; use_custom_fonts_hover_title=&#8221;true&#8221; hover_custom_background=&#8221;#68bfac&#8221;]<span style=\"color: #ffffff;\">In Guara\u00fa, about 320 species of birds are found, more than a third of all those occurring in the Atlantic Forest! This region is home to a mosaic of different ecosystems &#8230;<\/span><\/p>\n<h4><span style=\"color: #ffffff;\">Read More<\/span><\/h4>\n<p>[\/vc_hoverbox][vc_hoverbox image=&#8221;4362&#8243; primary_title=&#8221;Subida Noturna no Rio Guara\u00fa&#8221; primary_title_font_container=&#8221;font_size:30px|color:%23ffffff&#8221; primary_title_use_theme_fonts=&#8221;yes&#8221; hover_title=&#8221;Night Boat Ride on the Guara\u00fa&#8221; hover_title_font_container=&#8221;font_size:26|color:%23ffffff&#8221; hover_title_use_theme_fonts=&#8221;yes&#8221; shape=&#8221;square&#8221; hover_background_color=&#8221;custom&#8221; use_custom_fonts_primary_title=&#8221;true&#8221; use_custom_fonts_hover_title=&#8221;true&#8221; hover_custom_background=&#8221;#5687b4&#8243;]<span style=\"color: #ffffff;\">In Guara\u00fa, about 320 species of birds are found, more than a third of all those occurring in the Atlantic Forest! This region is home to a mosaic of different ecosystems&#8230;<\/span><\/p>\n<h4><span style=\"color: #ffffff;\">Read More<\/span><\/h4>\n<p>[\/vc_hoverbox][\/vc_column][vc_column width=&#8221;1\/3&#8243;][vc_hoverbox image=&#8221;4360&#8243; primary_title=&#8221;Birwatching &#8211; Itanha\u00e9m&#8221; primary_title_font_container=&#8221;font_size:30px|color:%23ffffff&#8221; primary_title_use_theme_fonts=&#8221;yes&#8221; hover_title=&#8221;Observa\u00e7\u00e3o de Aves &#8211; Itanha\u00e9m&#8221; hover_title_font_container=&#8221;font_size:26|color:%23ffffff&#8221; hover_title_use_theme_fonts=&#8221;yes&#8221; shape=&#8221;square&#8221; hover_background_color=&#8221;custom&#8221; use_custom_fonts_primary_title=&#8221;true&#8221; use_custom_fonts_hover_title=&#8221;true&#8221; hover_custom_background=&#8221;#e67108&#8243;]<span style=\"color: #ffffff;\">In the municipality of Itanha\u00e9m is located the largest dormitory of parrot (Amazona brasiliensis) further to the north of the country, about 300 species of birds&#8230;<\/span><\/p>\n<h4><span style=\"color: #ffffff;\">Read More<\/span><\/h4>\n<p>[\/vc_hoverbox][vc_hoverbox image=&#8221;4357&#8243; primary_title=&#8221;Farmhouse Espinheiro Negro \u2013 Juquitiba&#8221; primary_title_font_container=&#8221;font_size:30px|color:%23ffffff&#8221; primary_title_use_theme_fonts=&#8221;yes&#8221; hover_title=&#8221;S\u00edtio Espinheiro Negro \u2013 Juquitiba&#8221; hover_title_font_container=&#8221;font_size:26|color:%23ffffff&#8221; hover_title_use_theme_fonts=&#8221;yes&#8221; shape=&#8221;square&#8221; hover_background_color=&#8221;custom&#8221; use_custom_fonts_primary_title=&#8221;true&#8221; use_custom_fonts_hover_title=&#8221;true&#8221; hover_custom_background=&#8221;#68bfac&#8221;]<span style=\"color: #ffffff;\">Birdwatching tourism is one of the main activities developed at Farmhouse &#8220;S\u00edtio Espinheiro Negro&#8221;, where it is possible to observe endemic species of Atlantic Forest, such as &#8220;Sabi\u00e1-cica&#8221; &#8230;<br \/>\n<\/span><\/p>\n<h4><span style=\"color: #ffffff;\">Read More<\/span><\/h4>\n<p>[\/vc_hoverbox][\/vc_column][vc_column width=&#8221;1\/3&#8243;][vc_hoverbox image=&#8221;4383&#8243; primary_title=&#8221;Sea Birdwatching&#8221; primary_title_font_container=&#8221;font_size:30px|color:%23ffffff&#8221; primary_title_use_theme_fonts=&#8221;yes&#8221; hover_title=&#8221;Sea Birdwatching&#8221; hover_title_font_container=&#8221;font_size:26|color:%23ffffff&#8221; hover_title_use_theme_fonts=&#8221;yes&#8221; shape=&#8221;square&#8221; hover_background_color=&#8221;custom&#8221; use_custom_fonts_primary_title=&#8221;true&#8221; use_custom_fonts_hover_title=&#8221;true&#8221; hover_custom_background=&#8221;#5687b4&#8243;]<span style=\"color: #ffffff;\">The presence of pelagic birds on the coast of S\u00e3o Paulo is influenced by the distance from the edge of the continental plataform (more than 200 km) and by the dynamics&#8230;<\/span><\/p>\n<h4><span style=\"color: #ffffff;\">Read More<\/span><\/h4>\n<p>[\/vc_hoverbox][vc_hoverbox image=&#8221;4359&#8243; primary_title=&#8221;Iporanga &#8211; Petar&#8221; primary_title_font_container=&#8221;font_size:30px|color:%23ffffff&#8221; primary_title_use_theme_fonts=&#8221;yes&#8221; hover_title=&#8221;Iporanga &#8211; Petar&#8221; hover_title_font_container=&#8221;font_size:26|color:%23ffffff&#8221; hover_title_use_theme_fonts=&#8221;yes&#8221; shape=&#8221;square&#8221; hover_background_color=&#8221;custom&#8221; use_custom_fonts_primary_title=&#8221;true&#8221; use_custom_fonts_hover_title=&#8221;true&#8221; hover_custom_background=&#8221;#e67108&#8243;]<span style=\"color: #ffffff;\">In Guara\u00fa, about 320 species of birds are found, more than a third of all those occurring in the Atlantic Forest! This region is home to a mosaic of different ecosystems&#8230;<\/span><\/p>\n<h4><span style=\"color: #ffffff;\">Read More<\/span><\/h4>\n<p>[\/vc_hoverbox][\/vc_column][\/vc_row]<\/p>\n<\/div>","protected":false},"excerpt":{"rendered":"<p>[vc_row full_width=&#8221;stretch_row_content_no_spaces&#8221; el_class=&#8221;no-fill-sm category-group&#8221;][vc_column width=&#8221;1\/3&#8243;][vc_hoverbox image=&#8221;4488&#8243; primary_title=&#8221;Birdwatching &#8211; Peru\u00edbe &#8211; Guara\u00fa&#8221; primary_title_font_container=&#8221;font_size:30px|color:%23ffffff&#8221; primary_title_use_theme_fonts=&#8221;yes&#8221; hover_title=&#8221;Observa\u00e7\u00e3o de Aves &#8211; Peru\u00edbe &#8211; Guara\u00fa&#8221; hover_title_font_container=&#8221;font_size:26|color:%23ffffff&#8221; hover_title_use_theme_fonts=&#8221;yes&#8221; shape=&#8221;square&#8221; hover_background_color=&#8221;custom&#8221; use_custom_fonts_primary_title=&#8221;true&#8221; use_custom_fonts_hover_title=&#8221;true&#8221; hover_custom_background=&#8221;#68bfac&#8221;]In Guara\u00fa, about 320 species of birds are found, more than a third of all those occurring in the Atlantic Forest! This region is&#8230;<\/p>\n","protected":false},"author":1,"featured_media":0,"parent":0,"menu_order":0,"comment_status":"closed","ping_status":"closed","template":"","meta":{"footnotes":""},"class_list":["post-3852","page","type-page","status-publish","hentry"],"_links":{"self":[{"href":"http:\/\/www.mochileiroshostel.com.br\/eng\/wp-json\/wp\/v2\/pages\/3852","targetHints":{"allow":["GET"]}}],"collection":[{"href":"http:\/\/www.mochileiroshostel.com.br\/eng\/wp-json\/wp\/v2\/pages"}],"about":[{"href":"http:\/\/www.mochileiroshostel.com.br\/eng\/wp-json\/wp\/v2\/types\/page"}],"author":[{"embeddable":true,"href":"http:\/\/www.mochileiroshostel.com.br\/eng\/wp-json\/wp\/v2\/users\/1"}],"replies":[{"embeddable":true,"href":"http:\/\/www.mochileiroshostel.com.br\/eng\/wp-json\/wp\/v2\/comments?post=3852"}],"version-history":[{"count":20,"href":"http:\/\/www.mochileiroshostel.com.br\/eng\/wp-json\/wp\/v2\/pages\/3852\/revisions"}],"predecessor-version":[{"id":4781,"href":"http:\/\/www.mochileiroshostel.com.br\/eng\/wp-json\/wp\/v2\/pages\/3852\/revisions\/4781"}],"wp:attachment":[{"href":"http:\/\/www.mochileiroshostel.com.br\/eng\/wp-json\/wp\/v2\/media?parent=3852"}],"curies":[{"name":"wp","href":"https:\/\/api.w.org\/{rel}","templated":true}]}}