{"id":41,"date":"2016-09-28T11:17:20","date_gmt":"2016-09-28T04:17:20","guid":{"rendered":"http:\/\/hotelwp.thimpress.com\/hotelwp-2\/?page_id=41"},"modified":"2021-06-29T11:23:30","modified_gmt":"2021-06-29T14:23:30","slug":"about-us","status":"publish","type":"page","link":"http:\/\/www.mochileiroshostel.com.br\/eng\/about-us\/","title":{"rendered":"About us"},"content":{"rendered":"<div class=\"wpb-content-wrapper\"><p>[vc_row][vc_column][vc_empty_space height=&#8221;45px&#8221;]\n\t<div class=\"thim-sc-heading  \" >\n\t\t<div class=\"article_heading \">\n\t\t\t<p class=\"heading_primary\"  >WELCOME TO<\/p>\n\t\t\t<h3  class=\"heading_secondary\">MOCHILEIROS HOSTEL<\/h3>\n\t\t\t \n\t\t\t\n\t\t<\/div>\n\t<\/div>[vc_empty_space height=&#8221;25px&#8221;][\/vc_column][\/vc_row][vc_row css=&#8221;.vc_custom_1476086385327{margin-bottom: 20px !important;}&#8221;][vc_column width=&#8221;1\/2&#8243;][vc_wp_text el_class=&#8221;line-height-normal&#8221;]Guara\u00fa is a neighborhood in Peru\u00edbe &#8211; SP. Less than 3 hours from the city of S\u00e3o Paulo, where you still find a lot of preserved nature.<\/p>\n<p>Everyone knows that a walk in the Atlantic Forest means excellent opportunities to see and photograph not only birds, but also insects, flowers, spiders, plants and landscapes &#8211; with any luck, even amphibians, reptiles, snakes or mammals.<\/p>\n<p>In addition to its privileged location, Guara\u00fa, the Mochileiros Hostel has several advantages, such as:<\/p>\n<p>&#8211; Maintains birds feeders with fruits and drinking fountains. For those who does not know yet, you will be able to observe the birds closely and make great photos of various species such as: (write here the most common ones that appear). The feeders are located between branches and vines, so people can take photos without the drinkers or fruits appearing. Between June and August is the time when the feeders are most visited.<\/p>\n<p>&#8211; Is located in the middle of the neighborhood. You don&#8217;t have to travel long distances to start birdwatching. Several walks\/trails are made by foot, leaving the hostel and walking through the streets of the neighborhood, which has several places with trees and vegetation of the Atlantic Forest. One of the times I went, while having my breakfast, I decided to take a look at the street and saw a hawk (falc\u00e3o-rel\u00f3gio) flying low, less than four meters from the ground, running away from a great kiskadee (bem-te-vi).<\/p>\n<p>&#8211; Belongs to the biologist F\u00e1bio Donizette, better known as F\u00e1bio Barata (nickname from the college days). F\u00e1bio is a herpetologist, that is, he specialized in amphibians and reptiles, but a few years ago he got to know the world of birdwatching and now he has become an expert guide. The great advantage of taking a tour with a local resident guide is that he monitors the region, is always update with the news, climate, and knows which hot-spots to find birds.[\/vc_wp_text][\/vc_column][vc_column width=&#8221;1\/2&#8243;][vc_wp_text el_class=&#8221;line-height-normal&#8221;]- Guara\u00fa beach and its way, in the middle of the sandbanks, with the mountains in the background, make up scenarios that produce beautiful landscape photos.<\/p>\n<p>&#8211; Small waterfalls and rivers with crystal clear and cold are also part of the attractions.<\/p>\n<p>&#8211; F\u00e1bio organizes pelagic tours (boat trips to see the sea birds), which use to be quite successful in the birdwatching community.<\/p>\n<p>&#8211; Guara\u00fa is a safe, quiet neighborhood where everyone knows each other. Or rather, we can say that F\u00e1bio is known to everyone and gets along with everyone. Another advantage of taking the tour in Guara\u00fa is this feeling that you are contributing to the area preservation. You stay at a hostel of someone who lives in the city, eat at local restaurants, shop at the bakery and mini markets.<\/p>\n<p>&#8211; Thanks to F\u00e1bio and Mochileiros Hostel, today everyone in the neighborhood knows what birdwatching is and learned not to kill more snakes (instead, when one appears in a yard or inside a house, they call F\u00e1bio and he will capture to take it to a safe place), and in winter time many residents make feeders in their backyards.<\/p>\n<p>&#8211; Guara\u00fa is one of the small paradises on Earth, one of my favorite places in the Atlantic Forest. If all the advantages of the place were not enough, F\u00e1bio provides a service, at the same time, warm and professional. He is a friendly, pleasant person, who does not bring noise or any problem to the tour. He knows how to talk about many subjects, or if you prefer, he knows how to respect silence and moments of pure contemplation of nature. Guara\u00fa is a place to go several times, I highly recommend the tour.<\/p>\n<p><em><span class=\"s1\">By Claudia Komesu \u2013 <a href=\"http:\/\/virtude-ag.com\/\" target=\"_blank\" rel=\"noopener noreferrer\">editor of Virtude-ag.com<\/a><\/span><\/em>[\/vc_wp_text][\/vc_column][\/vc_row][vc_row full_width=&#8221;stretch_row&#8221; css=&#8221;.vc_custom_1475035464467{margin-right: -15px !important;margin-bottom: 65px !important;margin-left: -15px !important;}&#8221;][vc_column][vc_images_carousel images=&#8221;4066,4065,4064,4063,4062,4061&#8243; img_size=&#8221;full&#8221; onclick=&#8221;link_no&#8221; slides_per_view=&#8221;2&#8243; hide_pagination_control=&#8221;yes&#8221; wrap=&#8221;yes&#8221;][\/vc_column][\/vc_row][vc_row full_width=&#8221;stretch_row&#8221; parallax=&#8221;content-moving&#8221; overlay_color=&#8221;rgba(231,173,68,0.6)&#8221;][vc_column][vc_custom_heading text=&#8221;BIRDWATCHING &#8211; PERU\u00cdBE &#8211; GUARA\u00da &#8211; ITANHA\u00c9M&#8221; font_container=&#8221;tag:h1|text_align:center|color:%23ffffff&#8221; use_theme_fonts=&#8221;yes&#8221;][vc_empty_space height=&#8221;52px&#8221;]<div class=\"thim-sc-counter-box\"><div class=\"wrapper-counter-box\"  ><div class=\"counter-box-item\" >\n\t<div class=\"number\" style=\"\"><span class=\"counter-up\" data-number=\"550\">0<\/span><\/div>\n\t<div class=\"text\" >\n\tEsp\u00e9cies<\/div>\n<\/div><div class=\"counter-box-item\" >\n\t<div class=\"number\" style=\"\"><span class=\"counter-up\" data-number=\"31\">0<\/span><\/div>\n\t<div class=\"text\" >\n\tEnd\u00eamicas<\/div>\n<\/div><div class=\"counter-box-item\" >\n\t<div class=\"number\" style=\"\"><span class=\"counter-up\" data-number=\"21\">0<\/span><\/div>\n\t<div class=\"text\" >\n\tMarinhas<\/div>\n<\/div><\/div><\/div>[\/vc_column][\/vc_row][vc_row css=&#8221;.vc_custom_1475035597783{padding-top: 60px !important;}&#8221;][vc_column]\n\t<div class=\"thim-sc-heading  \" >\n\t\t<div class=\"article_heading \">\n\t\t\t<p class=\"heading_primary\"  >WHY CHOOSE <\/p>\n\t\t\t<h3  class=\"heading_secondary\">THE MOCHILEIROS HOSTEL<\/h3>\n\t\t\t \n\t\t\t\n\t\t<\/div>\n\t<\/div>[vc_row_inner][vc_column_inner width=&#8221;1\/3&#8243;][vc_column_text]<\/p>\n<ul class=\"thim-list\" style=\"font-size: 20px; line-height: 27px; font-weight: 400;\">\n<li><i class=\"fa fa-check thim-primary-color\"><\/i>Privileged Location<\/li>\n<li><i class=\"fa fa-check thim-primary-color\"><\/i>Expert Guide<\/li>\n<li><i class=\"fa fa-check thim-primary-color\"><\/i>Birds Feeders<\/li>\n<\/ul>\n<p>[\/vc_column_text][\/vc_column_inner][vc_column_inner width=&#8221;1\/3&#8243;][vc_column_text]<\/p>\n<ul class=\"thim-list\" style=\"font-size: 20px; line-height: 27px; font-weight: 400;\">\n<li><i class=\"fa fa-check thim-primary-color\"><\/i>Specialized Itineraries<\/li>\n<li><i class=\"fa fa-check thim-primary-color\"><\/i>Atlantic Forest Trails<\/li>\n<li><i class=\"fa fa-check thim-primary-color\"><\/i>Deserted Beaches<\/li>\n<\/ul>\n<p>[\/vc_column_text][\/vc_column_inner][vc_column_inner width=&#8221;1\/3&#8243;][vc_column_text]<\/p>\n<ul class=\"thim-list\" style=\"font-size: 20px; line-height: 27px; font-weight: 400;\">\n<li><i class=\"fa fa-check thim-primary-color\"><\/i>Waterfalls<\/li>\n<li><i class=\"fa fa-check thim-primary-color\"><\/i>Wi-fi<\/li>\n<li><i class=\"fa fa-check thim-primary-color\"><\/i>Shared Kitchen<\/li>\n<\/ul>\n<p>[\/vc_column_text][\/vc_column_inner][\/vc_row_inner][vc_row_inner css=&#8221;.vc_custom_1475570441500{margin-bottom: 65px !important;padding-top: 15px !important;}&#8221;][vc_column_inner width=&#8221;1\/3&#8243;][vc_single_image image=&#8221;4062&#8243; img_size=&#8221;370&#215;300&#8243; alignment=&#8221;center&#8221;][\/vc_column_inner][vc_column_inner width=&#8221;1\/3&#8243;][vc_single_image image=&#8221;4165&#8243; img_size=&#8221;370&#215;300&#8243; alignment=&#8221;center&#8221;][\/vc_column_inner][vc_column_inner width=&#8221;1\/3&#8243;][vc_single_image image=&#8221;3890&#8243; img_size=&#8221;370&#215;300&#8243; alignment=&#8221;center&#8221;][\/vc_column_inner][\/vc_row_inner][\/vc_column][\/vc_row][vc_row][vc_column][vc_empty_space height=&#8221;52px&#8221;]\n\t<div class=\"thim-sc-heading  \" >\n\t\t<div class=\"article_heading \">\n\t\t\t<p class=\"heading_primary\"  >INSTAGRAM<\/p>\n\t\t\t\n\t\t\t \n\t\t\t\n\t\t<\/div>\n\t<\/div>[\/vc_column][\/vc_row][vc_row full_width=&#8221;stretch_row_content_no_spaces&#8221;][vc_column][vc_column_text css=&#8221;.vc_custom_1531934477288{margin-top: 20px !important;margin-right: 0px !important;margin-bottom: 0px !important;margin-left: 0px !important;}&#8221;]\n<div id=\"sb_instagram\"  class=\"sbi sbi_mob_col_1 sbi_tab_col_2 sbi_col_5\" style=\"width: 100%;\"\t data-feedid=\"sbi_17841402576597229#5\"  data-res=\"auto\" data-cols=\"5\" data-colsmobile=\"1\" data-colstablet=\"2\" data-num=\"5\" data-nummobile=\"\" data-item-padding=\"0\"\t data-shortcode-atts=\"{&quot;num&quot;:&quot;5&quot;,&quot;cols&quot;:&quot;5&quot;,&quot;imagepadding&quot;:&quot;0&quot;,&quot;showheader&quot;:&quot;false&quot;,&quot;showbutton&quot;:&quot;false&quot;,&quot;showfollow&quot;:&quot;false&quot;}\"  data-postid=\"41\" data-locatornonce=\"025bac5381\" data-imageaspectratio=\"1:1\" data-sbi-flags=\"favorLocal\">\n\t\n\t<div id=\"sbi_images\" >\n\t\t\t<\/div>\n\n\t<div id=\"sbi_load\" >\n\n\t\n\t\n<\/div>\n\t\t<span class=\"sbi_resized_image_data\" data-feed-id=\"sbi_17841402576597229#5\"\n\t\t  data-resized=\"[]\">\n\t<\/span>\n\t<\/div>\n\n[\/vc_column_text][\/vc_column][\/vc_row]<\/p>\n<\/div>","protected":false},"excerpt":{"rendered":"<p>[vc_row][vc_column][vc_empty_space height=&#8221;45px&#8221;][vc_empty_space height=&#8221;25px&#8221;][\/vc_column][\/vc_row][vc_row css=&#8221;.vc_custom_1476086385327{margin-bottom: 20px !important;}&#8221;][vc_column width=&#8221;1\/2&#8243;][vc_wp_text el_class=&#8221;line-height-normal&#8221;]Guara\u00fa is a neighborhood in Peru\u00edbe &#8211; SP. Less than 3 hours from the city of S\u00e3o Paulo, where you still find a lot of preserved nature. Everyone knows that a walk in the Atlantic Forest means excellent opportunities to see and photograph&#8230;<\/p>\n","protected":false},"author":1,"featured_media":0,"parent":0,"menu_order":0,"comment_status":"closed","ping_status":"closed","template":"","meta":{"footnotes":""},"class_list":["post-41","page","type-page","status-publish","hentry"],"_links":{"self":[{"href":"http:\/\/www.mochileiroshostel.com.br\/eng\/wp-json\/wp\/v2\/pages\/41","targetHints":{"allow":["GET"]}}],"collection":[{"href":"http:\/\/www.mochileiroshostel.com.br\/eng\/wp-json\/wp\/v2\/pages"}],"about":[{"href":"http:\/\/www.mochileiroshostel.com.br\/eng\/wp-json\/wp\/v2\/types\/page"}],"author":[{"embeddable":true,"href":"http:\/\/www.mochileiroshostel.com.br\/eng\/wp-json\/wp\/v2\/users\/1"}],"replies":[{"embeddable":true,"href":"http:\/\/www.mochileiroshostel.com.br\/eng\/wp-json\/wp\/v2\/comments?post=41"}],"version-history":[{"count":23,"href":"http:\/\/www.mochileiroshostel.com.br\/eng\/wp-json\/wp\/v2\/pages\/41\/revisions"}],"predecessor-version":[{"id":4785,"href":"http:\/\/www.mochileiroshostel.com.br\/eng\/wp-json\/wp\/v2\/pages\/41\/revisions\/4785"}],"wp:attachment":[{"href":"http:\/\/www.mochileiroshostel.com.br\/eng\/wp-json\/wp\/v2\/media?parent=41"}],"curies":[{"name":"wp","href":"https:\/\/api.w.org\/{rel}","templated":true}]}}